{"id":23,"date":"2024-02-19T10:38:04","date_gmt":"2024-02-19T13:38:04","guid":{"rendered":"http:\/\/tonis.com.br\/?page_id=23"},"modified":"2024-02-19T17:41:46","modified_gmt":"2024-02-19T20:41:46","slug":"sobre-nos","status":"publish","type":"page","link":"https:\/\/tonis.com.br\/index.php\/sobre-nos\/","title":{"rendered":"Sobre n\u00f3s"},"content":{"rendered":"\n<div class=\"wp-block-columns is-layout-flex wp-container-core-columns-layout-1 wp-block-columns-is-layout-flex\">\n<div class=\"wp-block-column is-layout-flow wp-block-column-is-layout-flow\" style=\"flex-basis:33.33%\">\n<figure class=\"wp-block-image size-large is-resized\"><img loading=\"lazy\" decoding=\"async\" width=\"800\" height=\"800\" src=\"http:\/\/tonis.com.br\/wp-content\/uploads\/2024\/02\/sobre-nos1.jpg\" alt=\"\" class=\"wp-image-102\" style=\"width:277px;height:auto\" srcset=\"https:\/\/tonis.com.br\/wp-content\/uploads\/2024\/02\/sobre-nos1.jpg 800w, https:\/\/tonis.com.br\/wp-content\/uploads\/2024\/02\/sobre-nos1-300x300.jpg 300w, https:\/\/tonis.com.br\/wp-content\/uploads\/2024\/02\/sobre-nos1-150x150.jpg 150w, https:\/\/tonis.com.br\/wp-content\/uploads\/2024\/02\/sobre-nos1-768x768.jpg 768w, https:\/\/tonis.com.br\/wp-content\/uploads\/2024\/02\/sobre-nos1-250x250.jpg 250w, https:\/\/tonis.com.br\/wp-content\/uploads\/2024\/02\/sobre-nos1-100x100.jpg 100w, https:\/\/tonis.com.br\/wp-content\/uploads\/2024\/02\/sobre-nos1-600x600.jpg 600w\" sizes=\"(max-width: 800px) 100vw, 800px\" \/><\/figure>\n\n\n\n<figure class=\"wp-block-image size-large\"><img loading=\"lazy\" decoding=\"async\" width=\"800\" height=\"800\" src=\"http:\/\/tonis.com.br\/wp-content\/uploads\/2024\/02\/sobre-nos2.jpg\" alt=\"\" class=\"wp-image-103\" srcset=\"https:\/\/tonis.com.br\/wp-content\/uploads\/2024\/02\/sobre-nos2.jpg 800w, https:\/\/tonis.com.br\/wp-content\/uploads\/2024\/02\/sobre-nos2-300x300.jpg 300w, https:\/\/tonis.com.br\/wp-content\/uploads\/2024\/02\/sobre-nos2-150x150.jpg 150w, https:\/\/tonis.com.br\/wp-content\/uploads\/2024\/02\/sobre-nos2-768x768.jpg 768w, https:\/\/tonis.com.br\/wp-content\/uploads\/2024\/02\/sobre-nos2-250x250.jpg 250w, https:\/\/tonis.com.br\/wp-content\/uploads\/2024\/02\/sobre-nos2-100x100.jpg 100w, https:\/\/tonis.com.br\/wp-content\/uploads\/2024\/02\/sobre-nos2-600x600.jpg 600w\" sizes=\"(max-width: 800px) 100vw, 800px\" \/><\/figure>\n\n\n\n<figure class=\"wp-block-image size-large\"><img loading=\"lazy\" decoding=\"async\" width=\"800\" height=\"800\" src=\"http:\/\/tonis.com.br\/wp-content\/uploads\/2024\/02\/sobre-nos3.jpg\" alt=\"\" class=\"wp-image-104\" srcset=\"https:\/\/tonis.com.br\/wp-content\/uploads\/2024\/02\/sobre-nos3.jpg 800w, https:\/\/tonis.com.br\/wp-content\/uploads\/2024\/02\/sobre-nos3-300x300.jpg 300w, https:\/\/tonis.com.br\/wp-content\/uploads\/2024\/02\/sobre-nos3-150x150.jpg 150w, https:\/\/tonis.com.br\/wp-content\/uploads\/2024\/02\/sobre-nos3-768x768.jpg 768w, https:\/\/tonis.com.br\/wp-content\/uploads\/2024\/02\/sobre-nos3-250x250.jpg 250w, https:\/\/tonis.com.br\/wp-content\/uploads\/2024\/02\/sobre-nos3-100x100.jpg 100w, https:\/\/tonis.com.br\/wp-content\/uploads\/2024\/02\/sobre-nos3-600x600.jpg 600w\" sizes=\"(max-width: 800px) 100vw, 800px\" \/><\/figure>\n\n\n\n<figure class=\"wp-block-image size-large\"><img loading=\"lazy\" decoding=\"async\" width=\"800\" height=\"800\" src=\"http:\/\/tonis.com.br\/wp-content\/uploads\/2024\/02\/sobre-nos4.jpg\" alt=\"\" class=\"wp-image-105\" srcset=\"https:\/\/tonis.com.br\/wp-content\/uploads\/2024\/02\/sobre-nos4.jpg 800w, https:\/\/tonis.com.br\/wp-content\/uploads\/2024\/02\/sobre-nos4-300x300.jpg 300w, https:\/\/tonis.com.br\/wp-content\/uploads\/2024\/02\/sobre-nos4-150x150.jpg 150w, https:\/\/tonis.com.br\/wp-content\/uploads\/2024\/02\/sobre-nos4-768x768.jpg 768w, https:\/\/tonis.com.br\/wp-content\/uploads\/2024\/02\/sobre-nos4-250x250.jpg 250w, https:\/\/tonis.com.br\/wp-content\/uploads\/2024\/02\/sobre-nos4-100x100.jpg 100w, https:\/\/tonis.com.br\/wp-content\/uploads\/2024\/02\/sobre-nos4-600x600.jpg 600w\" sizes=\"(max-width: 800px) 100vw, 800px\" \/><\/figure>\n<\/div>\n\n\n\n<div class=\"wp-block-column has-background is-layout-flow wp-block-column-is-layout-flow\" style=\"background-color:#ecc454;flex-basis:66.66%\">\n<p>O Toni&#8217;s Restaurante, foi fundado em 1959, procurando sempre servir aos petropolitanos e turistas com um card\u00e1pio diversificado e de alta qualidade, caracterizado por lanches r\u00e1pidos, pratos a la carte como carnes e churrasco, al\u00e9m de todo o tipo de massas, como pizzas, canelones, lasanhas, entre outros.<\/p>\n\n\n\n<div style=\"height:35px\" aria-hidden=\"true\" class=\"wp-block-spacer\"><\/div>\n\n\n\n<p>O fundador do Toni&#8217;s, Peter Frankel, tem um filho de nome Ant\u00f4nio, que era chamado pelo diminutivo Toninho, nesse caso o nome Toni&#8217;s surgiu da homenagem do pai para o filho onde tamb\u00e9m se faz presente no ambiente cordial e familiar constru\u00eddo no decorrer de mais de 58 anos. Dirigido por competentes profissionais, que tem a frente Jos\u00e9 Gabino Perez e Marcos R\u00eago, o Toni&#8217;s se tornou uma empresa de sucesso, gra\u00e7as a sua tradi\u00e7\u00e3o, atendimento personalizado e qualidade permanente.<\/p>\n\n\n\n<div style=\"height:35px\" aria-hidden=\"true\" class=\"wp-block-spacer\"><\/div>\n\n\n\n<p>Dedicado \u00e0 rela\u00e7\u00e3o de amizade com o cliente, Gabino, que desde 1976 est\u00e1 no comando do Toni&#8217;s, instituiu com os associados o sistema de entregas r\u00e1pidas em domic\u00edlio, o qual chamou Disk Toni\u2019s. Na \u00e9poca, o servi\u00e7o foi pioneiro na cidade, demonstrando o interesse de seus propriet\u00e1rios em oferecer o que havia de melhor para os clientes. Hoje, a entrega \u00e9 uma das mais r\u00e1pidas e eficientes do munic\u00edpio e funciona pelo telefone 2242-2221, para qualquer ponto da cidade (primeiro e segundo distritos).<\/p>\n\n\n\n<div style=\"height:35px\" aria-hidden=\"true\" class=\"wp-block-spacer\"><\/div>\n\n\n\n<p>Em certa \u00e9poca, o Toni\u2019s inspirou o filme nacional Banana Split, do cineasta Paulo S\u00e9rgio Almeida. Atrav\u00e9s do ambiente, mesas, copos, ta\u00e7as e pratos caracter\u00edsticos do Toni\u2019s, o filme retratou a vida dos jovens dos anos 60.<\/p>\n\n\n\n<div style=\"height:41px\" aria-hidden=\"true\" class=\"wp-block-spacer\"><\/div>\n\n\n\n<p class=\"has-text-color has-link-color has-medium-font-size wp-elements-e30463291412dfb2f7c4b3ed582a466c\" style=\"color:#aa1014;font-style:normal;font-weight:600;letter-spacing:2px\">Por esse e outros motivos,<br>a tradi\u00e7\u00e3o se tornou uma marca<br>personalizada do Toni\u2019s e est\u00e1 viva<br>e presente at\u00e9 os dias de hoje.<\/p>\n<\/div>\n<\/div>\n","protected":false},"excerpt":{"rendered":"<p>O Toni&#8217;s Restaurante, foi fundado em 1959, procurando sempre servir aos petropolitanos e turistas com um card\u00e1pio diversificado e de alta qualidade, caracterizado por lanches r\u00e1pidos, pratos a la carte como carnes e churrasco, al\u00e9m de todo o tipo de massas, como pizzas, canelones, lasanhas, entre outros. O fundador do Toni&#8217;s, Peter Frankel, tem um [&hellip;]<\/p>\n","protected":false},"author":1,"featured_media":0,"parent":0,"menu_order":0,"comment_status":"closed","ping_status":"closed","template":"","meta":{"footnotes":""},"_links":{"self":[{"href":"https:\/\/tonis.com.br\/index.php\/wp-json\/wp\/v2\/pages\/23"}],"collection":[{"href":"https:\/\/tonis.com.br\/index.php\/wp-json\/wp\/v2\/pages"}],"about":[{"href":"https:\/\/tonis.com.br\/index.php\/wp-json\/wp\/v2\/types\/page"}],"author":[{"embeddable":true,"href":"https:\/\/tonis.com.br\/index.php\/wp-json\/wp\/v2\/users\/1"}],"replies":[{"embeddable":true,"href":"https:\/\/tonis.com.br\/index.php\/wp-json\/wp\/v2\/comments?post=23"}],"version-history":[{"count":8,"href":"https:\/\/tonis.com.br\/index.php\/wp-json\/wp\/v2\/pages\/23\/revisions"}],"predecessor-version":[{"id":127,"href":"https:\/\/tonis.com.br\/index.php\/wp-json\/wp\/v2\/pages\/23\/revisions\/127"}],"wp:attachment":[{"href":"https:\/\/tonis.com.br\/index.php\/wp-json\/wp\/v2\/media?parent=23"}],"curies":[{"name":"wp","href":"https:\/\/api.w.org\/{rel}","templated":true}]}}